{"version":"1.0","provider_name":"RACE","provider_url":"https:\/\/www.race.es\/revista-autoclub","author_name":"jvarela","author_url":"https:\/\/www.race.es\/revista-autoclub\/author\/jvarela\/","title":"Coches para despu\u00e9s del verano - RACE","type":"rich","width":600,"height":338,"html":"<blockquote class=\"wp-embedded-content\" data-secret=\"CiAOI6rvYl\"><a href=\"https:\/\/www.race.es\/revista-autoclub\/motor\/cadena-de-montaje\/coches-despues-verano\/\">Coches para despu\u00e9s del verano<\/a><\/blockquote><iframe sandbox=\"allow-scripts\" security=\"restricted\" src=\"https:\/\/www.race.es\/revista-autoclub\/motor\/cadena-de-montaje\/coches-despues-verano\/embed\/#?secret=CiAOI6rvYl\" width=\"600\" height=\"338\" title=\"\u00abCoches para despu\u00e9s del verano\u00bb \u2014 RACE\" data-secret=\"CiAOI6rvYl\" frameborder=\"0\" marginwidth=\"0\" marginheight=\"0\" scrolling=\"no\" class=\"wp-embedded-content\"><\/iframe><script type=\"text\/javascript\">\n\/*! This file is auto-generated *\/\n!function(d,l){\"use strict\";var e=!1,o=!1;if(l.querySelector)if(d.addEventListener)e=!0;if(d.wp=d.wp||{},!d.wp.receiveEmbedMessage)if(d.wp.receiveEmbedMessage=function(e){var t=e.data;if(t)if(t.secret||t.message||t.value)if(!\/[^a-zA-Z0-9]\/.test(t.secret)){for(var r,a,i,s=l.querySelectorAll('iframe[data-secret=\"'+t.secret+'\"]'),n=l.querySelectorAll('blockquote[data-secret=\"'+t.secret+'\"]'),o=new RegExp(\"^https?:$\",\"i\"),c=0;c<n.length;c++)n[c].style.display=\"none\";for(c=0;c<s.length;c++)if(r=s[c],e.source===r.contentWindow){if(r.removeAttribute(\"style\"),\"height\"===t.message){if(1e3<(i=parseInt(t.value,10)))i=1e3;else if(~~i<200)i=200;r.height=i}if(\"link\"===t.message)if(a=l.createElement(\"a\"),i=l.createElement(\"a\"),a.href=r.getAttribute(\"src\"),i.href=t.value,o.test(i.protocol))if(i.host===a.host)if(l.activeElement===r)d.top.location.href=t.value}}},e)d.addEventListener(\"message\",d.wp.receiveEmbedMessage,!1),l.addEventListener(\"DOMContentLoaded\",t,!1),d.addEventListener(\"load\",t,!1);function t(){if(!o){o=!0;for(var e,t,r,a=-1!==navigator.appVersion.indexOf(\"MSIE 10\"),i=!!navigator.userAgent.match(\/Trident.*rv:11\\.\/),s=l.querySelectorAll(\"iframe.wp-embedded-content\"),n=0;n<s.length;n++){if(!(r=(t=s[n]).getAttribute(\"data-secret\")))r=Math.random().toString(36).substr(2,10),t.src+=\"#?secret=\"+r,t.setAttribute(\"data-secret\",r);if(a||i)(e=t.cloneNode(!0)).removeAttribute(\"security\"),t.parentNode.replaceChild(e,t);t.contentWindow.postMessage({message:\"ready\",secret:r},\"*\")}}}}(window,document);\n<\/script>\n","thumbnail_url":"https:\/\/www.race.es\/revista-autoclub\/wp-content\/uploads\/sites\/4\/2019\/07\/coches-para-calentar-el-otono-7-1024x683.jpg","thumbnail_width":1024,"thumbnail_height":683,"description":"a prueba Nuevos, renovados y cl\u00e1sicos actualizados vendr\u00e1n con los primeros fr\u00edos a calentar el sector automovil\u00edstico cuando termine el verano. TEXTO: J. LUIS ALVAREZ En pleno verano los fabricantes cuentan con una aut\u00e9ntica paleta de ofertas para el pr\u00f3ximo oto\u00f1o.\u00a0 Los pedidos est\u00e1n abiertos para los que quieran ir haci\u00e9ndose planes de ahorro. Y [&hellip;]"}

Coches para después del verano - RACE

<blockquote class="wp-embedded-content" data-secret="CiAOI6rvYl"><a href="https://www.race.es/revista-autoclub/motor/cadena-de-montaje/coches-despues-verano/">Coches para después del verano</a></blockquote><iframe sandbox="allow-scripts" security="restricted" src="https://www.race.es/revista-autoclub/motor/cadena-de-montaje/coches-despues-verano/embed/#?secret=CiAOI6rvYl" width="600" height="338" title="«Coches para después del verano» — RACE" data-secret="CiAOI6rvYl" frameborder="0" marginwidth="0" marginheight="0" scrolling="no" class="wp-embedded-content"></iframe><script type="text/javascript">
/*! This file is auto-generated */
!function(d,l){"use strict";var e=!1,o=!1;if(l.querySelector)if(d.addEventListener)e=!0;if(d.wp=d.wp||{},!d.wp.receiveEmbedMessage)if(d.wp.receiveEmbedMessage=function(e){var t=e.data;if(t)if(t.secret||t.message||t.value)if(!/[^a-zA-Z0-9]/.test(t.secret)){for(var r,a,i,s=l.querySelectorAll('iframe[data-secret="'+t.secret+'"]'),n=l.querySelectorAll('blockquote[data-secret="'+t.secret+'"]'),o=new RegExp("^https?:$","i"),c=0;c<n.length;c++)n[c].style.display="none";for(c=0;c<s.length;c++)if(r=s[c],e.source===r.contentWindow){if(r.removeAttribute("style"),"height"===t.message){if(1e3<(i=parseInt(t.value,10)))i=1e3;else if(~~i<200)i=200;r.height=i}if("link"===t.message)if(a=l.createElement("a"),i=l.createElement("a"),a.href=r.getAttribute("src"),i.href=t.value,o.test(i.protocol))if(i.host===a.host)if(l.activeElement===r)d.top.location.href=t.value}}},e)d.addEventListener("message",d.wp.receiveEmbedMessage,!1),l.addEventListener("DOMContentLoaded",t,!1),d.addEventListener("load",t,!1);function t(){if(!o){o=!0;for(var e,t,r,a=-1!==navigator.appVersion.indexOf("MSIE 10"),i=!!navigator.userAgent.match(/Trident.*rv:11\./),s=l.querySelectorAll("iframe.wp-embedded-content"),n=0;n<s.length;n++){if(!(r=(t=s[n]).getAttribute("data-secret")))r=Math.random().toString(36).substr(2,10),t.src+="#?secret="+r,t.setAttribute("data-secret",r);if(a||i)(e=t.cloneNode(!0)).removeAttribute("security"),t.parentNode.replaceChild(e,t);t.contentWindow.postMessage({message:"ready",secret:r},"*")}}}}(window,document);
</script>

a prueba Nuevos, renovados y clásicos actualizados vendrán con los primeros fríos a calentar el sector automovilístico cuando termine el verano. TEXTO: J. LUIS ALVAREZ En pleno verano los fabricantes cuentan con una auténtica paleta de ofertas para el próximo otoño.  Los pedidos están abiertos para los que quieran ir haciéndose planes de ahorro. Y [&hellip;]
